+ 3. Let d = 2873 - v. What are the prime factors of d?
3, 7, 59
Suppose 20 - 6 = -3*s - m, 2 = 2*m. List the prime factors of -1 + s + (9 - (-3200)/2).
7, 229
Suppose -3*z - 770 + 8 = 0. Let n = 434 - z. List the prime factors of n.
2, 43
Let g = 75 + -205. Let x = 407 + g. Suppose -7*q = -10 - x. List the prime factors of q.
41
Let q be ((-6)/(-5))/((-54)/(-360)). Suppose -q*g + 973 = 181. What are the prime factors of g?
3, 11
Let c be ((-14)/(-4))/(-1)*(-4)/7. Let g = c + 79. List the prime factors of g.
3
Suppose 2*n + 837 = -4*g + 4469, 4*n = -3*g + 7284. What are the prime factors of n?
2, 3, 19
Let j = -87 - -106. Suppose 7*o = j*o - 1476. List the prime factors of o.
3, 41
Let y = 51 + -24. Let c(j) = 7*j**2 + y + 28 + 2*j - 55 - j**3. What are the prime factors of c(4)?
2, 7
Suppose -24034 + 7238 = -34*w. Suppose -12*g + 7526 - w = 0. List the prime factors of g.
2, 293
Let t(j) = 6*j - 68. Suppose -16 = -4*i + 3*i - 4*o, -4*o + 32 = 2*i. List the prime factors of t(i).
2, 7
Suppose 0 = 7*t - 4*t - 540. Suppose -f + 7*f = -t. What are the prime factors of f*(10/3 + -4)?
2, 5
Let r be (198/165)/(2/(-5)). Let p be r/18 - 3/(-18) - -42. List the prime factors of (-4)/p - 15155/(-147).
103
Let h be (-4435)/((-186)/(-36) - 6). Suppose 4*n + 29*b - 31*b - h = 0, 3*b = 3*n - 3990. What are the prime factors of n?
11
Suppose 4*f = 8*f - 140. Suppose -10*w = -f*w + 11525. What are the prime factors of w?
461
Let v(s) = s**3 + 5*s + 119. Let i = -37 + 37. What are the prime factors of v(i)?
7, 17
Let r = 1649 - 142. Let v = r - 345. List the prime factors of v.
2, 7, 83
Suppose 2*m - 5*g - 16941 = 0, -4*m + 4*g - 33840 = -8*m. What are the prime factors of m?
3, 7, 13, 31
Let a(z) = 4050*z - 421. List the prime factors of a(6).
23879
Let t(b) = -1220*b + 2829. What are the prime factors of t(-17)?
7, 13, 37
Suppose -4*b + 5*x - 2*x = -25, 14 = 2*b - 2*x. Let s be -9*10*b/(-12). Suppose 72 + s = p. What are the prime factors of p?
2, 3, 17
Let b = 17565 + -8961. What are the prime factors of b?
2, 3, 239
Suppose 5*t = 2*z - 2301, -2*t + 4764 = 3*z + 1360. Let w = 1967 - z. List the prime factors of w.
829
Suppose -3*z = -a - 10278, -6*z + 4*z + 6852 = -a. List the prime factors of -8 - (-31)/4 - z/(-8).
2, 107
Suppose -u = -3*t + 10, -3*t + 4*u + 26 = -u. Suppose -5*h = -t*h + 390. What are the prime factors of (-2)/20 - 2743/h?
3, 7
Let z(y) = -y + 31. Let i be z(20). Suppose -i*w + 30 = -w. Suppose 6*p - 1917 = -w*p. List the prime factors of p.
3, 71
Suppose 66 = -2*b - 34. Let v be (10/25)/((-4)/b). Suppose v*m + 478 = 3*u, 4*u + 3*m - 52 - 566 = 0. List the prime factors of u.
2, 3, 13
Let a(j) = -14*j + 201. Let m be a(14). Suppose -5*w - 499 = -2*s, 8*w = -m*s + 11*w + 1200. List the prime factors of s.
3, 79
Suppose -2*d + 8504 = 3*b, -2*d + 0*d + 8524 = -2*b. List the prime factors of d.
2, 2129
Let u(d) = -11 - 86*d**3 + 10 - 4*d**2 - 2 + 2*d**2. List the prime factors of u(-2).
677
Let f = 53195 + -25081. What are the prime factors of f?
2, 14057
Let y be (-4)/(-3) - (-11)/3. Suppose 0 = y*x - 12*x + 6090. Suppose -6*g + x = -g. List the prime factors of g.
2, 3, 29
Let p = 50 + -50. Let g be 3 - p - (0 + 0). Suppose 3*r + 4*m - 164 = 42, 0 = -g*r + 3*m + 192. What are the prime factors of r?
2, 3, 11
Suppose 5*k = 3*d + 3*k - 43, -3*k = -4*d + 56. Let j = d + -21. What are the prime factors of (11 - -2)*(j - -11)?
7, 13
Let n be ((-1)/3)/(-2 - 29855/(-14925)). Let d = n - -1425. What are the prime factors of d?
2, 5, 43
Let p = 46 + -75. Let g = 63 + p. Let f = 46 - g. List the prime factors of f.
2, 3
Let m be 56 + (-1 - -4) + -4. Let b = -40 + m. Suppose -3*p + b = 0, u - 4*p = 6*u - 140. List the prime factors of u.
2, 3
Let g(l) = 160*l**3 - 19*l**2 + 2*l - 15. What are the prime factors of g(6)?
3, 7, 1613
List the prime factors of 3*-17048*(-30)/40 + 1.
89, 431
Suppose 3*x - 260 = -u, -3*x + 4*u + 280 = -0*x. Let m = x - 13. List the prime factors of m.
3, 5
Let z(y) = -23*y - 130. Let s be z(-4). Suppose 6*g + 86 = 4*g. Let q = s - g. What are the prime factors of q?
5
Let a(w) = w**3 + 17*w**2 + 16*w + 6. Suppose 6*v + 16 = -2*k + 2*v, 0 = -3*k + v - 52. Let u be a(k). Suppose -b + u = -3. What are the prime factors of b?
3
Let y = 10 - 10. Suppose y = 4*w - 58 + 2. Let j(d) = 6*d + 15. List the prime factors of j(w).
3, 11
Let s(z) = 58*z + 37. Let t(w) = 59*w + 37. Suppose 0 - 18 = -6*b. Let m(a) = b*s(a) - 4*t(a). List the prime factors of m(-4).
211
Let k = 89782 + -44694. What are the prime factors of k?
2, 1409
List the prime factors of ((-98)/6)/(151/(-51189)).
7, 113
Suppose 0*r - 120 = 10*r. What are the prime factors of 474*(r/(-24))/(1/2)?
2, 3, 79
Suppose 3252*y = -4*u + 3257*y + 26846, -u + 6713 = -2*y. What are the prime factors of u?
6709
Suppose -3*n = 17 + 16. Let d be 201*(n/(-3) + -3). Suppose -2*w + 84 + d = 0. What are the prime factors of w?
109
Let h = 15135 - 8088. List the prime factors of h.
3, 29
Let v(q) = q - 14. Let y be v(19). Let d(z) = 7*z - 30. Let w be d(y). Suppose w*p + 147 = 2*l, 3*l - p - 210 = 43. What are the prime factors of l?
2, 43
Let z(a) = -15*a - 12. Suppose -5*p + 44 = -5*l - 16, 2*p = -4*l + 36. Let q be z(p). Let v = -127 - q. What are the prime factors of v?
5, 19
Suppose -5*h = c - 10574, 5*h - c - 7396 - 3170 = 0. List the prime factors of h.
2, 7, 151
Let n be (8 - 2)/(-3 + 152/50). Suppose 4*u = -u + n. What are the prime factors of 3416/30 + 4/u?
2, 3, 19
Let a(y) = 2*y + 1. Let d be a(2). Suppose -5*n - 43 = -4*v, d*v = -2*n - 4 - 0. Let x(l) = l**3 + 7*l**2 - 3*l + 7. List the prime factors of x(n).
2, 7
What are the prime factors of (-4*(5 + -6))/(48/472488)?
2, 19687
Let o(l) = l + 6. Suppose -i = -y - 8, -4*y - 3*i - 20 = -i. Let c be o(y). Suppose c*u - 2*u = -30. List the prime factors of u.
3, 5
Suppose 3*k + w - 8 = 5*w, k = w + 2. Suppose k = -5*r + 753 + 357. What are the prime factors of r?
2, 3, 37
Suppose -39*n = -n - 31996. Suppose 15*p - 1423 = n. What are the prime factors of p?
151
Suppose -30*t - 25*t + 164997 = -46*t. List the prime factors of t.
3, 7, 97
Let x = -6081 - -13128. What are the prime factors of x?
3, 29
Let i = 537 + 4293. What are the prime factors of i?
2, 3, 5, 7, 23
Suppose -4*j = -3*j + 48. Let a = -16 - j. Let o = a - 11. What are the prime factors of o?
3, 7
Let i(l) = 2*l + 166 + 37*l + 12*l - 6*l - 4*l. What are the prime factors of i(17)?
863
Let y = -62 - -63. What are the prime factors of y/((2 + 0)/(1 + 1181))?
3, 197
Suppose -5*i = -9*i + 16. Suppose 0 = -l + 4*w - 9, 4*l = -l + i*w + 19. What are the prime factors of l?
7
Suppose 4*q - 9*q - 4*a + 190506 = 0, 0 = 5*q - 3*a - 190478. List the prime factors of q.
2, 43, 443
Let q = -6588 + 11407. List the prime factors of q.
61, 79
Suppose -6*x - 7*x = -4771. Suppose 5*k - 390 = -t, 2*t + 4*k = 413 + x. What are the prime factors of t?
2, 3, 5, 13
Suppose 5*z = 34 + 16. Let g = z + 63. Suppose -g = -3*b + 56. What are the prime factors of b?
43
Let x(i) = -i**2 + 12*i - 9. Let m be x(8). Suppose 2148 = -m*b + 5920. List the prime factors of b.
2, 41
Let y(q) = -711*q + 1839. List the prime factors of y(-18).
3, 7, 17, 41
Let k be 37/(-111)*(1 + -13). List the prime factors of (k - 0) + 545*1.
3, 61
Let o(y) be the second derivative of y**5/30 - y**4/12 - 5*y**3/6 + 15*y**2/2 - 13*y. Let l(h) be the first derivative of o(h). List the prime factors of l(6).
5, 11
Let d(a) = 7*a**2 - 9*a + 20. Let j be d(5). Suppose 2*v = 3*q - 8*q + 85, -5*v + 4*q = -229. What are the prime factors of j/4*36/v?
2, 3, 5
Suppose -31*w + 450 = -25*w. What are the prime factors of 836 - 2*(w/(-10) + 6)?
839
Let v = -2425 + 4866. What are the prime factors of v?
2441
Let g = -35841 - -119221. List the prime factors of g.
2, 5, 11, 379
List the prime factors of ((-1417596)/340)/((-9)/30).
2, 6949
Let i(y) = -y**2 - 15*y - 52. Let f be i(-8). Suppose -1844 = -8*q + f*q. List the prime factors of q.
461
Suppose 32*g = 87*g - 663465. What are the prime factors of g?
3, 4021
Suppose -7*g + 6*g + 10289 = 2*o, o = -3. List the prime factors of g.
5, 29, 71
Let k(q) be the first derivative of -7/3*q**3 + 1/4*q**4 - 21 - 2*q - 2*q**2. What are the prime factors of k(8)?
2, 3, 5
Suppose -14 = 4*r - q,